mber?
False
Let i = -768362 - -2316165. Is i composite?
False
Let n(b) = 978*b - 3417. Is n(32) prime?
False
Suppose -4*b = -5*v - 12934093, -b + 6*v = 5*v - 3233524. Is b a composite number?
True
Let f(s) be the second derivative of s**5/15 + s**4/24 - 11*s**3/6 - 13*s**2/2 + 9*s. Let z(i) be the first derivative of f(i). Is z(6) composite?
False
Let q be (-7776)/(-189) + (-1 - 6/(-7)). Suppose 0 = 35*x - q*x - 24. Is (x - (-7204)/8) + (-3)/2 a prime number?
False
Is ((-45)/(-375)*-5)/(1/(-551695)) a prime number?
False
Suppose 6*w + 1 = 31. Let h be 2 - (w - 1)/4. Is 5433 + (0 - h/(4/(-16))) composite?
False
Let a = 43 + -41. Suppose -a*y + 16 = 6*y. Suppose 0*r - 194 = -y*r. Is r composite?
False
Let h = 1 - -4. Let y be (14/h)/((-14)/(-35)). Let u(w) = 6*w**3 - 16*w**2 - 4*w + 13. Is u(y) a composite number?
False
Suppose 54*n - 151*n + 1578287 = 0. Is n composite?
True
Suppose 0 = -96*t + 121*t - 7882825. Is t a composite number?
False
Let n(b) = -3*b**2 - b - 158. Let q(i) = -4*i**2 - i - 157. Let j(c) = 3*n(c) - 2*q(c). Let w be j(0). Let y = w + 371. Is y a prime number?
True
Let l(v) = -4*v**3 + 3*v**2 - 7*v - 10. Suppose -4*o = 5*t - 20, 0*t + 4*t = 4*o - 20. Let k be l(o). Let u = 503 - k. Is u a prime number?
False
Suppose -3*h - 52991 = -5*j, -3*h = -h + 4. Suppose 3*z - j = -2*v, -4*z = -2*v - 0*z + 10576. Is v prime?
False
Suppose -4*x + 4*n + 2360 = 0, -2*x = 4*n - n - 1185. Suppose 0 = -4*f - 2*m + 2344, 3*m - 5*m - x = -f. Is f a composite number?
False
Suppose -5*r - 2*l + 3718 = -r, l = 3*r - 2776. Suppose -13161 + r = -6*j. Is j composite?
False
Let w = 19244 + -5691. Is w a composite number?
False
Let s be 6 - (-5 - -8 - 3). Suppose 3*r + 2*w - 7660 = 0, -r - w = -s*w - 2559. Is r composite?
True
Suppose 9*n + 4*v - 265952 = 5*n, 4*v = -n + 66482. Is 1 + 50/(-60) + n/12 a prime number?
False
Suppose 2*q + 2*q = 180. Let v = 46 - q. Is ((-1)/3)/(v/(-753)) a prime number?
True
Is 8/26 + 6220233910/10582 prime?
True
Let r = 1053659 + -263290. Is r a prime number?
True
Suppose 2*y - 12 = 94. Let x(l) = -9*l + y - 28 + 21*l. Is x(16) a composite number?
True
Let l(i) = i**2 - 23*i + 149. Let z be l(9). Suppose 13*v - 192924 = -z*v. Is v prime?
False
Let w be -6 + 7 - (-3 + 1) - -1. Suppose -w*m - 16 = 3*k, -k - 4*k - 25 = 5*m. Is -788*((-3)/(-6))/m a composite number?
True
Let b = -134497 + 254906. Is b a composite number?
True
Let s = -372 - 1841. Let t = s + 4650. Is t a composite number?
False
Let n = 111 - 100. Suppose n*h = -10*h + 72597. Is h composite?
False
Let z = 873 + 670. Suppose 0 = 6*f + z + 1067. Is (-4)/(-16) + f/(-4) a prime number?
True
Let b(q) = -281*q**3 + 6*q**2 + 3*q - 1. Let w be b(-2). Let l = 3194 - w. Is l composite?
False
Let f(g) = 5778*g**2 + 14*g + 5. Let d(x) = -3*x**2 + 49*x - 18. Let y be d(16). Is f(y) composite?
True
Let k = 179420 - 111433. Is k a composite number?
False
Suppose -98*q + 6236328 + 578466 + 20471248 = 0. Is q prime?
False
Let d(a) be the third derivative of -a**6/30 - 3*a**5/10 - 5*a**4/12 - 19*a**3/6 - 29*a**2 - 1. Is d(-16) a prime number?
False
Let y = -97 + 22. Let k be (-20)/(-8) + -3 + y/(-6). Is k/(-66) + (-5385)/(-33) composite?
False
Suppose -15214 = -2*z - 5892. Let y = z + -2814. Is y a prime number?
True
Suppose -4*d + 17 = -3. Suppose 2937 = c - 3*f + 7*f, -d*c - 4*f + 14701 = 0. Is c prime?
False
Let u = -30152 + 233181. Is u prime?
False
Suppose 0 = 10*k - 12*k + 3*b + 352, -3*k + 521 = -b. Suppose 822 = 2*s - 3*a, -2*s + 995 = a + k. Is s a composite number?
True
Suppose k - 3 = -5*s + 5, 4*k + 16 = 4*s. Suppose r = -s*u - 0*r + 4, 10 = -5*r. Is 1 - u*-83 - -1 a composite number?
False
Let s = -171369 - -295114. Is s a composite number?
True
Is 13/((-65)/(-7615))*47 composite?
True
Suppose t + 2*i - 16829 = 0, 16*t + i = 15*t + 16826. Is t a composite number?
False
Suppose -21*i = -2285071 + 322621 - 5942643. Is i composite?
True
Let d be (12/18)/(18/27). Is (d - 1) + 2843 + (44 - 44) a prime number?
True
Let p be 4 + (-10)/(-5) + -1. Let z be -1*p*-2 + (17 - 15). Suppose 8286 = -6*c + z*c. Is c composite?
False
Suppose 27*i - 52*i + 2022925 = 0. Is i a composite number?
False
Suppose 0 = 37*w - 123034 - 270757. Is w a composite number?
True
Let i(v) = 112*v**2 - 231*v - 6. Is i(19) composite?
False
Suppose -20 = -4*z - 4, -4*z = -3*t - 28. Let c be (-1)/t - 116652/(-16). Suppose 5*g + 9728 = 4*v, 7*v = 4*v + 5*g + c. Is v composite?
False
Let b(q) = -13*q**3 - 24*q**2 + 789. Is b(-32) a prime number?
True
Suppose -4*r = 3*v - 533, -2*v = -4*r + 10 - 332. Let y = 302 - v. Let n = y + -94. Is n composite?
False
Is (4/6)/((280/(-17211540))/(-7)) composite?
False
Suppose -3*t = -19 + 1. Let f(w) = 84*w - 2. Let x be f(t). Suppose -3*i - x = -5*i. Is i composite?
False
Let j be (-1)/(3/(-2))*6/4. Let k be (81/27)/(j/(614/(-3))). Is (-22)/(-4)*(0 - k*1) a prime number?
False
Suppose 42*h - 38*h = 941588. Is h a composite number?
False
Let o = -13956 + 70939. Is o a composite number?
False
Let u(r) = -r**3 - r**2 + 17*r + 5. Let a be u(12). Let v = 4416 - a. Suppose 4*j - v = -1835. Is j a composite number?
False
Let m(n) = -20039*n + 118. Is m(-1) a composite number?
True
Suppose 3148 = -3*g - x, -5*g - 635 - 4613 = 3*x. Let t = -298 - g. Is t prime?
True
Suppose -35*v + 292084 = -9*v. Let l = v - 1192. Is l prime?
False
Let j(z) = z**3 - 8*z**2 + 11*z + 9. Suppose 18*p - 14*p = 44. Suppose p = 6*t - 5*t. Is j(t) a composite number?
True
Suppose 4*n - 9 = o, 2*n + 2*o = 5*n - 8. Let h(i) = 235*i**2 + 10*i**2 + n - 60*i**2. Is h(-1) a composite number?
True
Let u be 9/12*(-24)/(-9). Suppose u*q + 118 + 126 = 0. Let i = q - -589. Is i a prime number?
True
Let w(a) = 12720*a + 10. Let o be w(2). Is 30/165 - o/(-22) a composite number?
True
Let n(v) = -8054*v + 2249. Is n(-54) prime?
False
Let v(o) = -10227*o - 223. Is v(-8) composite?
True
Let i(y) = 3*y + 26. Let n be i(-12). Let s be (-4288)/n + -5*3/(-75). Let a = 2 + s. Is a prime?
True
Suppose -6*f + 0 = 108. Let g = 20 + f. Suppose -5*a - g*l + 3*l = -6563, -5*a - l + 6567 = 0. Is a a prime number?
False
Let d(x) = 2*x**3 + 7*x - 5. Let b be d(2). Let c be (2929/5 - 0) + 5/b. Is 1*-3*c/(-6) prime?
True
Let p = 4188 - 10295. Let j = 11886 + p. Is j composite?
False
Let t(j) = 22371*j - 113. Is t(4) a composite number?
False
Suppose -23*b + 759 = -0*b. Suppose 46*f = 47*f - b. Is f a prime number?
False
Let p be (-11)/(-55) + 42/(-10). Let g be (2 + p/(-8))*2. Suppose o + 0*u - 406 = 3*u, -g*o - 3*u + 2048 = 0. Is o composite?
False
Let p(g) = 8*g - 7. Let j be p(6). Let q = j + -34. Let o(t) = 3*t**2 + 4*t + 8. Is o(q) composite?
True
Let d(l) = -62051*l - 3646. Is d(-9) a prime number?
False
Let a(g) = g**2 - g - 1. Let c(z) = 5*z**2 - 12*z - 17. Let h(d) = 6*a(d) - c(d). Let w be h(-4). Let b(n) = 46*n**2 - 4*n + 5. Is b(w) composite?
True
Suppose -10 = -2*s, -3*s = -4*h - 8*s + 37. Suppose -h*g = -6, -2*k - 3*g = k - 35019. Is k a prime number?
False
Let c = 51 + -48. Suppose -3*m + 729 = -t + 4*t, t = c*m + 239. Let o = t + -145. Is o a composite number?
False
Suppose -5*h + 301860 = -381*z + 382*z, -5*z + h + 1509326 = 0. Is z a composite number?
True
Let n(d) = d**2 - 5*d + 6. Let a be n(4). Let r be (168/(-98))/(13/7 + -2). Suppose -r*f = -a*f - 3970. Is f prime?
True
Let v(s) = 2*s**2 - 10*s + 369. Is v(-20) a prime number?
False
Let v be (2569/14*1)/((-1)/(-58)). Let s = v - 5732. Is s composite?
True
Suppose n - 96*n + 2489665 = 0. Is n prime?
False
Suppose 3884896 = -510*s + 542*s. Is s composite?
False
Let c(t) = 12*t + 41*t**3 - 5 + 34 - 7*t**2 - 43*t**3. Suppose 7 = -2*f - 17. Is c(f) a composite number?
False
Let p(j) = -j**3 + 4*j**2 - 5. Let y be p(3). Suppose -4 + 1 = y*d - 5*t, 3*d - 3*t = 0. Suppose d*k - 1822 = 3509. Is k composite?
False
Let d = -12051 - -23728. Is d composite?
False
Let p(r) = 3*r**3 + 12*r**2 - 4*r - 8. Let s(q) = -18*q**3 - 74*q**2 + 25*q + 47. Let l(h) = -13*p(h) - 2*s(h). Suppose 2*j + 9 = j. Is l(j) a prime number?
True
Suppose 26 = 5*t - 2*n, 0 = t + 16*n - 15*n - 8. Suppose 7*d - 8*d = -1578. Suppose -t*p + 12*p = d. Is p composite?
False
Suppose 9 = 3*r, 4*r = -244*q + 246*q - 2059906. Is q a composite number?
True
Let p = 12 - 62. Let k = p - -56. Suppose k*l 